{"id":290,"date":"2021-05-06T12:27:21","date_gmt":"2021-05-06T10:27:21","guid":{"rendered":"https:\/\/2hprojet.com\/?page_id=290"},"modified":"2023-01-03T12:38:08","modified_gmt":"2023-01-03T11:38:08","slug":"commande-de-prestations","status":"publish","type":"page","link":"https:\/\/2hprojet.com\/index.php\/commande-de-prestations\/","title":{"rendered":"Commande de Prestations"},"content":{"rendered":"\n<div class=\"wp-block-columns is-layout-flex wp-container-core-columns-is-layout-9d6595d7 wp-block-columns-is-layout-flex\">\n<div class=\"wp-block-column is-layout-flow wp-block-column-is-layout-flow\" style=\"flex-basis:100%\">\n<p><strong>Vous pouvez acqu\u00e9rir ici une intervention ponctuelle d&rsquo;un technicien sous forme de ticket forfaitaire.<\/strong><br>Ces prestations sont ex\u00e9cut\u00e9es uniquement en t\u00e9l\u00e9maintenance.<\/p>\n<\/div>\n<\/div>\n\n\n\n<p style=\"font-size:12px\">Conditions de fonctionnement :<br>* Un ticket est valable une seule fois pour un probl\u00e8me d\u00e9termin\u00e9 en amont avec notre service technique.<br>* Tout ticket commenc\u00e9 n&rsquo;est plus valable pour une autre panne.<br>* En cas de d\u00e9passement du temps forfaitaire, un autre ticket devra \u00eatre pris.<br>* Un ticket d&rsquo;intervention ponctuelle n&rsquo;est jamais prioritaire par rapport \u00e0 un contrat annuel.<\/p>\n\n\n\n<div class=\"wp-block-columns is-layout-flex wp-container-core-columns-is-layout-9d6595d7 wp-block-columns-is-layout-flex\">\n<div class=\"wp-block-column is-vertically-aligned-center is-layout-flow wp-block-column-is-layout-flow\">\n<p style=\"font-size:14px\"><mark style=\"background-color:rgba(0, 0, 0, 0)\" class=\"has-inline-color has-vivid-cyan-blue-color\"><strong>Ticket pour une heure maximum de formation ou d&rsquo;intervention technique<\/strong><\/mark>  <strong>69 \u20ac<\/strong><\/p>\n<\/div>\n\n\n\n<div class=\"wp-block-column is-layout-flow wp-block-column-is-layout-flow\">\n<div id=\"simpay-stripe_checkout-form-wrap-295\" data-id=\"simpay-form-295-wrap\" class=\"simpay-form-wrap simpay-stripe_checkout-form-wrap\"><form action=\"\" method=\"post\" class=\"simpay-checkout-form simpay-form-295 simpay-styled\" id=\"simpay-form-295\" data-simpay-form-id=\"295\" ><div class=\"simpay-form-control\"><button id=\"\" class=\"simpay-btn simpay-payment-btn stripe-button-el\"><span>Je choisi cette prestation<\/span><\/button><\/div><div class=\"simpay-generic-error simpay-errors\" id=\"simpay-form-295-error\" aria-live=\"assertive\" aria-relevant=\"additions text\" aria-atomic=\"true\"><\/div><input type=\"hidden\" name=\"simpay_form_id\" value=\"295\" \/><input type=\"hidden\" name=\"simpay_amount\" value=\"\" class=\"simpay-amount\" \/><input type=\"hidden\" id=\"_wpnonce\" name=\"_wpnonce\" value=\"8b591bdce0\" \/><input type=\"hidden\" name=\"_wp_http_referer\" value=\"\/index.php\/wp-json\/wp\/v2\/pages\/290\" \/><\/form><\/div>\n<\/div>\n<\/div>\n\n\n\n<div class=\"wp-block-columns is-layout-flex wp-container-core-columns-is-layout-9d6595d7 wp-block-columns-is-layout-flex\">\n<div class=\"wp-block-column is-vertically-aligned-center is-layout-flow wp-block-column-is-layout-flow\">\n<p style=\"font-size:14px\"><strong><mark style=\"background-color:rgba(0, 0, 0, 0)\" class=\"has-inline-color has-vivid-cyan-blue-color\"><strong>Ticket pour<\/strong> 2 heures maximum de formation ou d&rsquo;intervention technique<\/mark>  119 \u20ac <\/strong><\/p>\n<\/div>\n\n\n\n<div class=\"wp-block-column is-layout-flow wp-block-column-is-layout-flow\">\n<div id=\"simpay-stripe_checkout-form-wrap-288\" data-id=\"simpay-form-288-wrap\" class=\"simpay-form-wrap simpay-stripe_checkout-form-wrap\"><form action=\"\" method=\"post\" class=\"simpay-checkout-form simpay-form-288 simpay-styled\" id=\"simpay-form-288\" data-simpay-form-id=\"288\" ><div class=\"simpay-form-control\"><button id=\"\" class=\"simpay-btn simpay-payment-btn stripe-button-el\"><span>Je choisi cette prestation<\/span><\/button><\/div><div class=\"simpay-generic-error simpay-errors\" id=\"simpay-form-288-error\" aria-live=\"assertive\" aria-relevant=\"additions text\" aria-atomic=\"true\"><\/div><input type=\"hidden\" name=\"simpay_form_id\" value=\"288\" \/><input type=\"hidden\" name=\"simpay_amount\" value=\"\" class=\"simpay-amount\" \/><input type=\"hidden\" id=\"_wpnonce\" name=\"_wpnonce\" value=\"8b591bdce0\" \/><input type=\"hidden\" name=\"_wp_http_referer\" value=\"\/index.php\/wp-json\/wp\/v2\/pages\/290\" \/><\/form><\/div>\n<\/div>\n<\/div>\n\n\n\n<div class=\"wp-block-columns is-layout-flex wp-container-core-columns-is-layout-9d6595d7 wp-block-columns-is-layout-flex\">\n<div class=\"wp-block-column is-vertically-aligned-center is-layout-flow wp-block-column-is-layout-flow\">\n<p style=\"font-size:14px\"><strong><mark style=\"background-color:rgba(0, 0, 0, 0)\" class=\"has-inline-color has-vivid-cyan-blue-color\"><strong>Ticket pour<\/strong><\/mark><\/strong> <strong><mark style=\"background-color:rgba(0, 0, 0, 0)\" class=\"has-inline-color has-vivid-cyan-blue-color\">une 1\/2 journ\u00e9e soit 4 heures maximum de formation ou d&rsquo;intervention technique<\/mark>  229 \u20ac<\/strong><\/p>\n<\/div>\n\n\n\n<div class=\"wp-block-column is-layout-flow wp-block-column-is-layout-flow\">\n<div id=\"simpay-stripe_checkout-form-wrap-302\" data-id=\"simpay-form-302-wrap\" class=\"simpay-form-wrap simpay-stripe_checkout-form-wrap\"><form action=\"\" method=\"post\" class=\"simpay-checkout-form simpay-form-302 simpay-styled\" id=\"simpay-form-302\" data-simpay-form-id=\"302\" ><div class=\"simpay-form-control\"><button id=\"\" class=\"simpay-btn simpay-payment-btn stripe-button-el\"><span>Je choisi cette prestation<\/span><\/button><\/div><div class=\"simpay-generic-error simpay-errors\" id=\"simpay-form-302-error\" aria-live=\"assertive\" aria-relevant=\"additions text\" aria-atomic=\"true\"><\/div><input type=\"hidden\" name=\"simpay_form_id\" value=\"302\" \/><input type=\"hidden\" name=\"simpay_amount\" value=\"\" class=\"simpay-amount\" \/><input type=\"hidden\" id=\"_wpnonce\" name=\"_wpnonce\" value=\"8b591bdce0\" \/><input type=\"hidden\" name=\"_wp_http_referer\" value=\"\/index.php\/wp-json\/wp\/v2\/pages\/290\" \/><\/form><\/div>\n<\/div>\n<\/div>\n\n\n\n<div class=\"wp-block-columns is-layout-flex wp-container-core-columns-is-layout-9d6595d7 wp-block-columns-is-layout-flex\">\n<div class=\"wp-block-column is-vertically-aligned-center is-layout-flow wp-block-column-is-layout-flow\">\n<p style=\"font-size:14px\"><mark style=\"background-color:rgba(0, 0, 0, 0)\" class=\"has-inline-color has-vivid-cyan-blue-color\"><strong><strong>Ticket pour<\/strong><\/strong><\/mark> <mark style=\"background-color:rgba(0, 0, 0, 0)\" class=\"has-inline-color has-vivid-cyan-blue-color\"><strong>une 1 journ\u00e9e soit 8 heures maximum de formation ou d&rsquo;intervention technique<\/strong><\/mark>  <strong>449 \u20ac<\/strong><\/p>\n<\/div>\n\n\n\n<div class=\"wp-block-column is-layout-flow wp-block-column-is-layout-flow\">\n<div id=\"simpay-stripe_checkout-form-wrap-305\" data-id=\"simpay-form-305-wrap\" class=\"simpay-form-wrap simpay-stripe_checkout-form-wrap\"><form action=\"\" method=\"post\" class=\"simpay-checkout-form simpay-form-305 simpay-styled\" id=\"simpay-form-305\" data-simpay-form-id=\"305\" ><div class=\"simpay-form-control\"><button id=\"\" class=\"simpay-btn simpay-payment-btn stripe-button-el\"><span>Je choisi cette prestation<\/span><\/button><\/div><div class=\"simpay-generic-error simpay-errors\" id=\"simpay-form-305-error\" aria-live=\"assertive\" aria-relevant=\"additions text\" aria-atomic=\"true\"><\/div><input type=\"hidden\" name=\"simpay_form_id\" value=\"305\" \/><input type=\"hidden\" name=\"simpay_amount\" value=\"\" class=\"simpay-amount\" \/><input type=\"hidden\" id=\"_wpnonce\" name=\"_wpnonce\" value=\"8b591bdce0\" \/><input type=\"hidden\" name=\"_wp_http_referer\" value=\"\/index.php\/wp-json\/wp\/v2\/pages\/290\" \/><\/form><\/div>\n<\/div>\n<\/div>\n\n\n\n<p><\/p>\n","protected":false},"excerpt":{"rendered":"<p>Vous pouvez acqu\u00e9rir ici une intervention ponctuelle d&rsquo;un technicien sous forme de ticket forfaitaire.Ces prestations sont ex\u00e9cut\u00e9es uniquement en t\u00e9l\u00e9maintenance. Conditions de fonctionnement :* Un ticket est valable une seule fois pour un probl\u00e8me d\u00e9termin\u00e9 en amont avec notre service technique.* Tout ticket commenc\u00e9 n&rsquo;est plus valable pour une autre panne.* En cas de d\u00e9passement [&hellip;]<\/p>\n","protected":false},"author":1,"featured_media":0,"parent":0,"menu_order":0,"comment_status":"closed","ping_status":"closed","template":"","meta":{"footnotes":""},"class_list":["post-290","page","type-page","status-publish","hentry"],"yoast_head":"<!-- This site is optimized with the Yoast SEO plugin v24.9 - https:\/\/yoast.com\/wordpress\/plugins\/seo\/ -->\n<title>Commande de Prestations - Solutions Technologiques pour les CHR - Conseil - Logiciel et Formation<\/title>\n<meta name=\"description\" content=\"Vous n&#039;avez pas de contrat d&#039;assistance annuel ? Cette page permet de commander une prestation d&#039;intervention sous forme de ticket forfaitaire\" \/>\n<meta name=\"robots\" content=\"index, follow, max-snippet:-1, max-image-preview:large, max-video-preview:-1\" \/>\n<link rel=\"canonical\" href=\"https:\/\/2hprojet.com\/index.php\/commande-de-prestations\/\" \/>\n<meta property=\"og:locale\" content=\"fr_FR\" \/>\n<meta property=\"og:type\" content=\"article\" \/>\n<meta property=\"og:title\" content=\"Commande de Prestations - Solutions Technologiques pour les CHR - Conseil - Logiciel et Formation\" \/>\n<meta property=\"og:description\" content=\"Vous n&#039;avez pas de contrat d&#039;assistance annuel ? Cette page permet de commander une prestation d&#039;intervention sous forme de ticket forfaitaire\" \/>\n<meta property=\"og:url\" content=\"https:\/\/2hprojet.com\/index.php\/commande-de-prestations\/\" \/>\n<meta property=\"og:site_name\" content=\"Solutions Technologiques pour les CHR - Conseil - Logiciel et Formation\" \/>\n<meta property=\"article:modified_time\" content=\"2023-01-03T11:38:08+00:00\" \/>\n<meta name=\"twitter:card\" content=\"summary_large_image\" \/>\n<meta name=\"twitter:label1\" content=\"Dur\u00e9e de lecture estim\u00e9e\" \/>\n\t<meta name=\"twitter:data1\" content=\"1 minute\" \/>\n<script type=\"application\/ld+json\" class=\"yoast-schema-graph\">{\"@context\":\"https:\/\/schema.org\",\"@graph\":[{\"@type\":\"WebPage\",\"@id\":\"https:\/\/2hprojet.com\/index.php\/commande-de-prestations\/\",\"url\":\"https:\/\/2hprojet.com\/index.php\/commande-de-prestations\/\",\"name\":\"Commande de Prestations - Solutions Technologiques pour les CHR - Conseil - Logiciel et Formation\",\"isPartOf\":{\"@id\":\"https:\/\/2hprojet.com\/#website\"},\"datePublished\":\"2021-05-06T10:27:21+00:00\",\"dateModified\":\"2023-01-03T11:38:08+00:00\",\"description\":\"Vous n'avez pas de contrat d'assistance annuel ? Cette page permet de commander une prestation d'intervention sous forme de ticket forfaitaire\",\"breadcrumb\":{\"@id\":\"https:\/\/2hprojet.com\/index.php\/commande-de-prestations\/#breadcrumb\"},\"inLanguage\":\"fr-FR\",\"potentialAction\":[{\"@type\":\"ReadAction\",\"target\":[\"https:\/\/2hprojet.com\/index.php\/commande-de-prestations\/\"]}]},{\"@type\":\"BreadcrumbList\",\"@id\":\"https:\/\/2hprojet.com\/index.php\/commande-de-prestations\/#breadcrumb\",\"itemListElement\":[{\"@type\":\"ListItem\",\"position\":1,\"name\":\"Accueil\",\"item\":\"https:\/\/2hprojet.com\/\"},{\"@type\":\"ListItem\",\"position\":2,\"name\":\"Commande de Prestations\"}]},{\"@type\":\"WebSite\",\"@id\":\"https:\/\/2hprojet.com\/#website\",\"url\":\"https:\/\/2hprojet.com\/\",\"name\":\"Solutions Technologiques pour les CHR - Conseil - Logiciel et Formation\",\"description\":\"Artisan de votre projet num\u00e9rique\",\"publisher\":{\"@id\":\"https:\/\/2hprojet.com\/#organization\"},\"potentialAction\":[{\"@type\":\"SearchAction\",\"target\":{\"@type\":\"EntryPoint\",\"urlTemplate\":\"https:\/\/2hprojet.com\/?s={search_term_string}\"},\"query-input\":{\"@type\":\"PropertyValueSpecification\",\"valueRequired\":true,\"valueName\":\"search_term_string\"}}],\"inLanguage\":\"fr-FR\"},{\"@type\":\"Organization\",\"@id\":\"https:\/\/2hprojet.com\/#organization\",\"name\":\"Solutions Technologiques pour les CHR - Conseil - Logiciel et Formation\",\"url\":\"https:\/\/2hprojet.com\/\",\"logo\":{\"@type\":\"ImageObject\",\"inLanguage\":\"fr-FR\",\"@id\":\"https:\/\/2hprojet.com\/#\/schema\/logo\/image\/\",\"url\":\"https:\/\/2hprojet.com\/wp-content\/uploads\/2021\/04\/logiciel-de-gestion-pour-hotel-et-restaurant.png\",\"contentUrl\":\"https:\/\/2hprojet.com\/wp-content\/uploads\/2021\/04\/logiciel-de-gestion-pour-hotel-et-restaurant.png\",\"width\":600,\"height\":250,\"caption\":\"Solutions Technologiques pour les CHR - Conseil - Logiciel et Formation\"},\"image\":{\"@id\":\"https:\/\/2hprojet.com\/#\/schema\/logo\/image\/\"}}]}<\/script>\n<!-- \/ Yoast SEO plugin. -->","yoast_head_json":{"title":"Commande de Prestations - Solutions Technologiques pour les CHR - Conseil - Logiciel et Formation","description":"Vous n'avez pas de contrat d'assistance annuel ? Cette page permet de commander une prestation d'intervention sous forme de ticket forfaitaire","robots":{"index":"index","follow":"follow","max-snippet":"max-snippet:-1","max-image-preview":"max-image-preview:large","max-video-preview":"max-video-preview:-1"},"canonical":"https:\/\/2hprojet.com\/index.php\/commande-de-prestations\/","og_locale":"fr_FR","og_type":"article","og_title":"Commande de Prestations - Solutions Technologiques pour les CHR - Conseil - Logiciel et Formation","og_description":"Vous n'avez pas de contrat d'assistance annuel ? Cette page permet de commander une prestation d'intervention sous forme de ticket forfaitaire","og_url":"https:\/\/2hprojet.com\/index.php\/commande-de-prestations\/","og_site_name":"Solutions Technologiques pour les CHR - Conseil - Logiciel et Formation","article_modified_time":"2023-01-03T11:38:08+00:00","twitter_card":"summary_large_image","twitter_misc":{"Dur\u00e9e de lecture estim\u00e9e":"1 minute"},"schema":{"@context":"https:\/\/schema.org","@graph":[{"@type":"WebPage","@id":"https:\/\/2hprojet.com\/index.php\/commande-de-prestations\/","url":"https:\/\/2hprojet.com\/index.php\/commande-de-prestations\/","name":"Commande de Prestations - Solutions Technologiques pour les CHR - Conseil - Logiciel et Formation","isPartOf":{"@id":"https:\/\/2hprojet.com\/#website"},"datePublished":"2021-05-06T10:27:21+00:00","dateModified":"2023-01-03T11:38:08+00:00","description":"Vous n'avez pas de contrat d'assistance annuel ? Cette page permet de commander une prestation d'intervention sous forme de ticket forfaitaire","breadcrumb":{"@id":"https:\/\/2hprojet.com\/index.php\/commande-de-prestations\/#breadcrumb"},"inLanguage":"fr-FR","potentialAction":[{"@type":"ReadAction","target":["https:\/\/2hprojet.com\/index.php\/commande-de-prestations\/"]}]},{"@type":"BreadcrumbList","@id":"https:\/\/2hprojet.com\/index.php\/commande-de-prestations\/#breadcrumb","itemListElement":[{"@type":"ListItem","position":1,"name":"Accueil","item":"https:\/\/2hprojet.com\/"},{"@type":"ListItem","position":2,"name":"Commande de Prestations"}]},{"@type":"WebSite","@id":"https:\/\/2hprojet.com\/#website","url":"https:\/\/2hprojet.com\/","name":"Solutions Technologiques pour les CHR - Conseil - Logiciel et Formation","description":"Artisan de votre projet num\u00e9rique","publisher":{"@id":"https:\/\/2hprojet.com\/#organization"},"potentialAction":[{"@type":"SearchAction","target":{"@type":"EntryPoint","urlTemplate":"https:\/\/2hprojet.com\/?s={search_term_string}"},"query-input":{"@type":"PropertyValueSpecification","valueRequired":true,"valueName":"search_term_string"}}],"inLanguage":"fr-FR"},{"@type":"Organization","@id":"https:\/\/2hprojet.com\/#organization","name":"Solutions Technologiques pour les CHR - Conseil - Logiciel et Formation","url":"https:\/\/2hprojet.com\/","logo":{"@type":"ImageObject","inLanguage":"fr-FR","@id":"https:\/\/2hprojet.com\/#\/schema\/logo\/image\/","url":"https:\/\/2hprojet.com\/wp-content\/uploads\/2021\/04\/logiciel-de-gestion-pour-hotel-et-restaurant.png","contentUrl":"https:\/\/2hprojet.com\/wp-content\/uploads\/2021\/04\/logiciel-de-gestion-pour-hotel-et-restaurant.png","width":600,"height":250,"caption":"Solutions Technologiques pour les CHR - Conseil - Logiciel et Formation"},"image":{"@id":"https:\/\/2hprojet.com\/#\/schema\/logo\/image\/"}}]}},"_links":{"self":[{"href":"https:\/\/2hprojet.com\/index.php\/wp-json\/wp\/v2\/pages\/290","targetHints":{"allow":["GET"]}}],"collection":[{"href":"https:\/\/2hprojet.com\/index.php\/wp-json\/wp\/v2\/pages"}],"about":[{"href":"https:\/\/2hprojet.com\/index.php\/wp-json\/wp\/v2\/types\/page"}],"author":[{"embeddable":true,"href":"https:\/\/2hprojet.com\/index.php\/wp-json\/wp\/v2\/users\/1"}],"replies":[{"embeddable":true,"href":"https:\/\/2hprojet.com\/index.php\/wp-json\/wp\/v2\/comments?post=290"}],"version-history":[{"count":27,"href":"https:\/\/2hprojet.com\/index.php\/wp-json\/wp\/v2\/pages\/290\/revisions"}],"predecessor-version":[{"id":376,"href":"https:\/\/2hprojet.com\/index.php\/wp-json\/wp\/v2\/pages\/290\/revisions\/376"}],"wp:attachment":[{"href":"https:\/\/2hprojet.com\/index.php\/wp-json\/wp\/v2\/media?parent=290"}],"curies":[{"name":"wp","href":"https:\/\/api.w.org\/{rel}","templated":true}]}}